{"id":21248,"date":"2023-02-06T11:46:20","date_gmt":"2023-02-06T09:46:20","guid":{"rendered":"https:\/\/uusi.protu.fi\/?page_id=21248"},"modified":"2026-03-12T10:49:06","modified_gmt":"2026-03-12T08:49:06","slug":"ungdomslager","status":"publish","type":"page","link":"https:\/\/www.protu.fi\/sv\/delta-pa-prometheus-lager\/ungdomslager\/","title":{"rendered":"Ungdomsl\u00e4ger"},"content":{"rendered":"<section class=\"block-container \">\n    <div class=\"container-fluid\">\n                    <div class=\"row justify-content-center\">\n                <div class=\"col-lg-11\">\n                    \n\n<style>\n    .sisalto {\n        margin-bottom: 20px;\n    }\n    .sisalto .image-col img {\n        max-width: 100%;\n    }\n    .sisalto .image-col img.oikea {\n        padding-left: 20px;\n    }\n    .sisalto .image-col img.vasen {\n        padding-right: 20px;\n        margin-bottom: 30px;\n    }\n    .sisalto h2, .sisalto h3 {\n        margin: 10px 0 20px;\n    }\n<\/style>\n\n<section class=\"sisalto\">\n    <div class=\"row justify-content-center\">\n                    <div class=\"col-lg-6 text-link\">\n                <p>P\u00e5 denna sida hittar du en lista och anm\u00e4lningsl\u00e4nkar till svenskspr\u00e5kiga ungdomsl\u00e4gren 2026.<\/p>\n<p>Ungdomsl\u00e4ger \u00e4r avsedda f\u00f6r ungdomar mellan 14 och 16 \u00e5r. (l\u00e4gret \u00e4ger rum efter 8:an eller 9:an).<\/p>\n<ul>\n<li>Ungdomsl\u00e4ger ordnas ocks\u00e5 p\u00e5 finska och engelska under sommaren.<\/li>\n<li>F\u00f6rutom vanliga ungdomsl\u00e4ger ordnas under sommaren \u00e4ven finskspr\u00e5kiga temal\u00e4ger inom bildkonst, idrott, musik, dans, teater och vandring. Bekanta dig med inneh\u00e5llet i temal\u00e4gren h\u00e4r.<\/li>\n<li>Finskspr\u00e5kiga ungdomsl\u00e4ger ordnas \u00e4ven under h\u00f6stlovet och sportlovet.<\/li>\n<\/ul>\n<p><strong>Anm\u00e4lan till sommaren 2026 \u00e5rs Protul\u00e4ger \u00f6ppnar onsdagen den 11.2.2026 kl. 10. L\u00e4s om anm\u00e4lan, avgifter och rabatter <a href=\"https:\/\/www.protu.fi\/prometheus-leirille\/nuorten-leirit\/\">h\u00e4r<\/a> innan du anm\u00e4ler dig.<\/strong><\/p>\n<p>Anm\u00e4lan till Protus finskspr\u00e5kiga sportlovsl\u00e4ger 2026 \u00e4r st\u00e4ngd! L\u00e4s mer <a href=\"https:\/\/www.protu.fi\/protun-talvilomaleiri-porkkalanniemessa-15-22-2-2026\/\">h\u00e4r<\/a> (p\u00e5 finska).<\/p>\n            <\/div>\n            <div class=\"col-lg-6 image-col\">\n                 \n                    <img decoding=\"async\" class=\"oikea\" src=\"https:\/\/www.protu.fi\/wp-content\/uploads\/2022\/03\/Protu_2021_Porkkalanniemi_2021-28002-1385-scaled.jpg\" alt=\"\">\n                            <\/div> \n            <\/div>\n<\/section> \n\n\n<div class=\"wp-block-columns is-layout-flex wp-container-core-columns-is-layout-9d6595d7 wp-block-columns-is-layout-flex\">\n<div class=\"wp-block-column is-layout-flow wp-block-column-is-layout-flow\" style=\"flex-basis:600px\">\n<div class=\"wp-block-columns is-layout-flex wp-container-core-columns-is-layout-9d6595d7 wp-block-columns-is-layout-flex\">\n<div class=\"wp-block-column is-layout-flow wp-block-column-is-layout-flow\" style=\"flex-basis:700px\">\n<h3 class=\"wp-block-heading\">Anm\u00e4lningsl\u00e4nkar till de svenskspr\u00e5kiga ungdomsl\u00e4gren 2026<\/h3>\n<\/div>\n<\/div>\n\n\n\n<p>Anm\u00e4lan \u00e4r \u00f6ppen i den m\u00e5n det finns platser eller reservplatser p\u00e5 l\u00e4gren. Anm\u00e4lningsformul\u00e4ret \u00f6ppnas via ANM\u00c4L DIG-l\u00e4nken.<\/p>\n\n\n\n<figure class=\"wp-block-table\"><table class=\"has-fixed-layout\"><tbody><tr><td>Obs! L\u00e4geranm\u00e4lan sker i ett externt system. Uppdaterad information syns inte automatiskt p\u00e5 denna sida, utan sidan uppdateras manuellt. Om l\u00e4gret eller dess k\u00f6 \u00e4r fullt \u00f6ppnas inte formul\u00e4ret via ANM\u00c4L DIG-l\u00e4nken.<\/td><\/tr><\/tbody><\/table><\/figure>\n\n\n\n<p>Vecka 24 (7.\u201314.6.2026) <br>2026-24002 <a href=\"https:\/\/www.protu.fi\/leiripaikka\/oriniemi\/\" target=\"_blank\" rel=\"noreferrer noopener nofollow\">Oriniemi<\/a> (\u00c5bo) (<a href=\"https:\/\/protu.crmieportal.com\/public\/mass_events\/216280\" target=\"_blank\" rel=\"noreferrer noopener nofollow\">ANM\u00c4L DIG<\/a>)<br><br>Vecka 26 (21.\u201328.6.2026) <br>2026-26001 <a href=\"https:\/\/www.protu.fi\/leiripaikka\/nuuksio\/\" target=\"_blank\" rel=\"noreferrer noopener nofollow\">Noux<\/a> (Esbo) (L\u00c4GRET FULLT)<\/p>\n\n\n\n<p>Vecka 30 (19.\u201326.7.2026)<br>2026-30008 <a href=\"https:\/\/www.protu.fi\/leiripaikka\/hummelholmen\/\">Hummelholmen<\/a>&nbsp;(Nykarleby) (<a href=\"https:\/\/protu.crmieportal.com\/public\/mass_events\/216355\" rel=\"nofollow noopener\" target=\"_blank\">ANM\u00c4L DIG<\/a>)<\/p>\n\n\n\n<p><br><\/p>\n<\/div>\n<\/div>\n\n                <\/div>\n            <\/div>\n            <\/div>\n<\/section>\n\n\n<p><\/p>\n","protected":false},"excerpt":{"rendered":"","protected":false},"author":89,"featured_media":0,"parent":20366,"menu_order":0,"comment_status":"closed","ping_status":"closed","template":"","meta":{"_acf_changed":false,"inline_featured_image":false,"footnotes":""},"sivun_tyyppi":[65],"class_list":["post-21248","page","type-page","status-publish","hentry","sivun_tyyppi-julkinen-sivu"],"acf":[],"_links":{"self":[{"href":"https:\/\/www.protu.fi\/sv\/wp-json\/wp\/v2\/pages\/21248","targetHints":{"allow":["GET"]}}],"collection":[{"href":"https:\/\/www.protu.fi\/sv\/wp-json\/wp\/v2\/pages"}],"about":[{"href":"https:\/\/www.protu.fi\/sv\/wp-json\/wp\/v2\/types\/page"}],"author":[{"embeddable":true,"href":"https:\/\/www.protu.fi\/sv\/wp-json\/wp\/v2\/users\/89"}],"replies":[{"embeddable":true,"href":"https:\/\/www.protu.fi\/sv\/wp-json\/wp\/v2\/comments?post=21248"}],"version-history":[{"count":52,"href":"https:\/\/www.protu.fi\/sv\/wp-json\/wp\/v2\/pages\/21248\/revisions"}],"predecessor-version":[{"id":87288,"href":"https:\/\/www.protu.fi\/sv\/wp-json\/wp\/v2\/pages\/21248\/revisions\/87288"}],"up":[{"embeddable":true,"href":"https:\/\/www.protu.fi\/sv\/wp-json\/wp\/v2\/pages\/20366"}],"wp:attachment":[{"href":"https:\/\/www.protu.fi\/sv\/wp-json\/wp\/v2\/media?parent=21248"}],"wp:term":[{"taxonomy":"sivun_tyyppi","embeddable":true,"href":"https:\/\/www.protu.fi\/sv\/wp-json\/wp\/v2\/sivun_tyyppi?post=21248"}],"curies":[{"name":"wp","href":"https:\/\/api.w.org\/{rel}","templated":true}]}}

Ungdomsläger

<section class="block-container ">
    <div class="container-fluid">
                    <div class="row justify-content-center">
                <div class="col-lg-11">
                    

<style>
    .sisalto {
        margin-bottom: 20px;
    }
    .sisalto .image-col img {
        max-width: 100%;
    }
    .sisalto .image-col img.oikea {
        padding-left: 20px;
    }
    .sisalto .image-col img.vasen {
        padding-right: 20px;
        margin-bottom: 30px;
    }
    .sisalto h2, .sisalto h3 {
        margin: 10px 0 20px;
    }
</style>

<section class="sisalto">
    <div class="row justify-content-center">
                    <div class="col-lg-6 text-link">
                <p>På denna sida hittar du en lista och anmälningslänkar till svenskspråkiga ungdomslägren 2026.</p>
<p>Ungdomsläger är avsedda för ungdomar mellan 14 och 16 år. (lägret äger rum efter 8:an eller 9:an).</p>
<ul>
<li>Ungdomsläger ordnas också på finska och engelska under sommaren.</li>
<li>Förutom vanliga ungdomsläger ordnas under sommaren även finskspråkiga temaläger inom bildkonst, idrott, musik, dans, teater och vandring. Bekanta dig med innehållet i temalägren här.</li>
<li>Finskspråkiga ungdomsläger ordnas även under höstlovet och sportlovet.</li>
</ul>
<p><strong>Anmälan till sommaren 2026 års Protuläger öppnar onsdagen den 11.2.2026 kl. 10. Läs om anmälan, avgifter och rabatter <a href="https://www.protu.fi/prometheus-leirille/nuorten-leirit/">här</a> innan du anmäler dig.</strong></p>
<p>Anmälan till Protus finskspråkiga sportlovsläger 2026 är stängd! Läs mer <a href="https://www.protu.fi/protun-talvilomaleiri-porkkalanniemessa-15-22-2-2026/">här</a> (på finska).</p>
            </div>
            <div class="col-lg-6 image-col">
                 
                    <img decoding="async" class="oikea" src="https://www.protu.fi/wp-content/uploads/2022/03/Protu_2021_Porkkalanniemi_2021-28002-1385-scaled.jpg" alt="">
                            </div> 
            </div>
</section> 


<div class="wp-block-columns is-layout-flex wp-container-core-columns-is-layout-9d6595d7 wp-block-columns-is-layout-flex">
<div class="wp-block-column is-layout-flow wp-block-column-is-layout-flow" style="flex-basis:600px">
<div class="wp-block-columns is-layout-flex wp-container-core-columns-is-layout-9d6595d7 wp-block-columns-is-layout-flex">
<div class="wp-block-column is-layout-flow wp-block-column-is-layout-flow" style="flex-basis:700px">
<h3 class="wp-block-heading">Anmälningslänkar till de svenskspråkiga ungdomslägren 2026</h3>
</div>
</div>



<p>Anmälan är öppen i den mån det finns platser eller reservplatser på lägren. Anmälningsformuläret öppnas via ANMÄL DIG-länken.</p>



<figure class="wp-block-table"><table class="has-fixed-layout"><tbody><tr><td>Obs! Lägeranmälan sker i ett externt system. Uppdaterad information syns inte automatiskt på denna sida, utan sidan uppdateras manuellt. Om lägret eller dess kö är fullt öppnas inte formuläret via ANMÄL DIG-länken.</td></tr></tbody></table></figure>



<p>Vecka 24 (7.–14.6.2026) <br>2026-24002 <a href="https://www.protu.fi/leiripaikka/oriniemi/" target="_blank" rel="noreferrer noopener nofollow">Oriniemi</a> (Åbo) (<a href="https://protu.crmieportal.com/public/mass_events/216280" target="_blank" rel="noreferrer noopener nofollow">ANMÄL DIG</a>)<br><br>Vecka 26 (21.–28.6.2026) <br>2026-26001 <a href="https://www.protu.fi/leiripaikka/nuuksio/" target="_blank" rel="noreferrer noopener nofollow">Noux</a> (Esbo) (LÄGRET FULLT)</p>



<p>Vecka 30 (19.–26.7.2026)<br>2026-30008 <a href="https://www.protu.fi/leiripaikka/hummelholmen/">Hummelholmen</a>&nbsp;(Nykarleby) (<a href="https://protu.crmieportal.com/public/mass_events/216355" rel="nofollow noopener" target="_blank">ANMÄL DIG</a>)</p>



<p><br></p>
</div>
</div>

                </div>
            </div>
            </div>
</section>


<p></p>
