{"id":86716,"date":"2026-01-26T15:25:44","date_gmt":"2026-01-26T13:25:44","guid":{"rendered":"https:\/\/www.protu.fi\/?page_id=86716"},"modified":"2026-01-27T08:25:42","modified_gmt":"2026-01-27T06:25:42","slug":"tillstand-och-samtycke","status":"publish","type":"page","link":"https:\/\/www.protu.fi\/sv\/tillstand-och-samtycke\/","title":{"rendered":"Tillst\u00e5nd och samtycke"},"content":{"rendered":"<section class=\"block-container vaalea-tausta\">\n    <div class=\"container-fluid\">\n                    <div class=\"row justify-content-center\">\n                <div class=\"col-lg-11\">\n                    \n\n<div class=\"wp-block-columns is-layout-flex wp-container-core-columns-is-layout-9d6595d7 wp-block-columns-is-layout-flex\">\n<div class=\"wp-block-column is-layout-flow wp-block-column-is-layout-flow\" style=\"flex-basis:700px\">\n<p><strong>Lov att hantera personuppgifter inom Protu<\/strong> <strong>(Suostumus henkil\u00f6tietojen k\u00e4sittelyyn Protun sis\u00e4ll\u00e4)<\/strong><\/p>\n\n\n\n<p>Deltagande i Protul\u00e4ger, medlemskap i Protu samt verksamhet som aktiv eller k\u00f6ksansvarig f\u00f6ruts\u00e4tter samtycke till behandling av personuppgifter inom Protu. Lovet inneb\u00e4r att Protu f\u00e5r behandla dina uppgifter i CRM-service-kundhanteringssystemet, i Talenom-ekonomif\u00f6rvaltningen samt i Microsoft 365-systemet som anv\u00e4nds av kansliet och volont\u00e4rer. Uppgifter \u00f6verf\u00f6rs mellan systemen i enlighet med \u00e4ndam\u00e5let f\u00f6r behandlingen och enligt principen om uppgiftsminimering (l\u00e4s mer p\u00e5 Dataombudsmannens byr\u00e5s webbplats: <a href=\"https:\/\/tietosuoja.fi\/sv\/uppgiftsminimering\" rel=\"nofollow noopener\" target=\"_blank\">https:\/\/tietosuoja.fi\/sv\/uppgiftsminimering<\/a>). Du hittar Protus dataskyddsbeskrivning h\u00e4r (p\u00e5 finska): <a href=\"https:\/\/www.protu.fi\/sv\/tietosuojaseloste\/\">https:\/\/www.protu.fi\/tietosuojaseloste\/<\/a><\/p>\n\n\n\n<p><strong>Tillst\u00e5nd f\u00f6r kommunikation (Viestint\u00e4lupa)<\/strong><\/p>\n\n\n\n<p>Tillst\u00e5ndet inneb\u00e4r att Protu, ut\u00f6ver n\u00f6dv\u00e4ndig medlems-, aktiv- och evenemangskommunikation (till den n\u00f6dv\u00e4ndiga kommunikationen h\u00f6r kallelser till medlemsm\u00f6ten, fakturor f\u00f6r medlemsavgifter, meddelanden som g\u00e4ller aktiva roller, evenemangsbrev och feedback-enk\u00e4ter), \u00e4ven f\u00e5r skicka nyhetsbrev till medlemmar och aktiva samt annan kommunikation som r\u00f6r Protus verksamhet via olika kommunikationskanaler.<\/p>\n\n\n\n<p><strong>Fotograferingslov till Protus marknadsf\u00f6ring (Kuvauslupa Protun viestint\u00e4\u00e4n)<\/strong><\/p>\n\n\n\n<p>Lovet inneb\u00e4r att Protu f\u00e5r anv\u00e4nda fotografier och videor d\u00e4r du medverkar i sin kommunikation och marknadsf\u00f6ring. Bilderna kan anv\u00e4ndas i Protus information och material (t.ex. i sociala medier, broschyrer och p\u00e5 webbplatsen), i en mediabank riktad till press och samarbetspartner, i f\u00f6reningens publikation <em>Protu-lehti<\/em> samt f\u00f6r andra motsvarande \u00e4ndam\u00e5l. Beviljandet av fotograferingstillst\u00e5nd \u00e4r frivilligt och kan vid behov \u00e5terkallas senare. Redan anv\u00e4nt foto- eller videomaterial tas inte bort retroaktivt.<\/p>\n\n\n\n<p><strong>Samtycke till utl\u00e4mnande av kontaktuppgifter till tredje parter f\u00f6r genomf\u00f6rande av marknadsf\u00f6ring kopplad till Protu-verksamheten<\/strong> <strong>(Suostumus yhteystietojen luovuttamiseen kolmansille osapuolille Protu-toimintaan liittyv\u00e4n mainonnan toteuttamista varten)<\/strong><\/p>\n\n\n\n<p>Samtycket inneb\u00e4r att Protu f\u00e5r l\u00e4mna ut dina kontaktuppgifter till exempelvis Meta (Facebook och Instagram) f\u00f6r att rikta marknadsf\u00f6ring och kommunikation som r\u00f6r Protus verksamhet. Du hittar Metas dataskyddsbeskrivning h\u00e4r:<a href=\"https:\/\/www.facebook.com\/privacy\/center\/\" target=\"_blank\" rel=\"noreferrer noopener nofollow\">&nbsp;https:\/\/www.facebook.com\/privacy\/center\/<\/a><\/p>\n<\/div>\n<\/div>\n\n                <\/div>\n            <\/div>\n            <\/div>\n<\/section>","protected":false},"excerpt":{"rendered":"","protected":false},"author":89,"featured_media":0,"parent":0,"menu_order":0,"comment_status":"closed","ping_status":"closed","template":"","meta":{"_acf_changed":false,"inline_featured_image":false,"footnotes":""},"sivun_tyyppi":[],"class_list":["post-86716","page","type-page","status-publish","hentry"],"acf":[],"_links":{"self":[{"href":"https:\/\/www.protu.fi\/sv\/wp-json\/wp\/v2\/pages\/86716","targetHints":{"allow":["GET"]}}],"collection":[{"href":"https:\/\/www.protu.fi\/sv\/wp-json\/wp\/v2\/pages"}],"about":[{"href":"https:\/\/www.protu.fi\/sv\/wp-json\/wp\/v2\/types\/page"}],"author":[{"embeddable":true,"href":"https:\/\/www.protu.fi\/sv\/wp-json\/wp\/v2\/users\/89"}],"replies":[{"embeddable":true,"href":"https:\/\/www.protu.fi\/sv\/wp-json\/wp\/v2\/comments?post=86716"}],"version-history":[{"count":4,"href":"https:\/\/www.protu.fi\/sv\/wp-json\/wp\/v2\/pages\/86716\/revisions"}],"predecessor-version":[{"id":86725,"href":"https:\/\/www.protu.fi\/sv\/wp-json\/wp\/v2\/pages\/86716\/revisions\/86725"}],"wp:attachment":[{"href":"https:\/\/www.protu.fi\/sv\/wp-json\/wp\/v2\/media?parent=86716"}],"wp:term":[{"taxonomy":"sivun_tyyppi","embeddable":true,"href":"https:\/\/www.protu.fi\/sv\/wp-json\/wp\/v2\/sivun_tyyppi?post=86716"}],"curies":[{"name":"wp","href":"https:\/\/api.w.org\/{rel}","templated":true}]}}

Tillstånd och samtycke

<section class="block-container vaalea-tausta">
    <div class="container-fluid">
                    <div class="row justify-content-center">
                <div class="col-lg-11">
                    

<div class="wp-block-columns is-layout-flex wp-container-core-columns-is-layout-9d6595d7 wp-block-columns-is-layout-flex">
<div class="wp-block-column is-layout-flow wp-block-column-is-layout-flow" style="flex-basis:700px">
<p><strong>Lov att hantera personuppgifter inom Protu</strong> <strong>(Suostumus henkilötietojen käsittelyyn Protun sisällä)</strong></p>



<p>Deltagande i Protuläger, medlemskap i Protu samt verksamhet som aktiv eller köksansvarig förutsätter samtycke till behandling av personuppgifter inom Protu. Lovet innebär att Protu får behandla dina uppgifter i CRM-service-kundhanteringssystemet, i Talenom-ekonomiförvaltningen samt i Microsoft 365-systemet som används av kansliet och volontärer. Uppgifter överförs mellan systemen i enlighet med ändamålet för behandlingen och enligt principen om uppgiftsminimering (läs mer på Dataombudsmannens byrås webbplats: <a href="https://tietosuoja.fi/sv/uppgiftsminimering" rel="nofollow noopener" target="_blank">https://tietosuoja.fi/sv/uppgiftsminimering</a>). Du hittar Protus dataskyddsbeskrivning här (på finska): <a href="https://www.protu.fi/sv/tietosuojaseloste/">https://www.protu.fi/tietosuojaseloste/</a></p>



<p><strong>Tillstånd för kommunikation (Viestintälupa)</strong></p>



<p>Tillståndet innebär att Protu, utöver nödvändig medlems-, aktiv- och evenemangskommunikation (till den nödvändiga kommunikationen hör kallelser till medlemsmöten, fakturor för medlemsavgifter, meddelanden som gäller aktiva roller, evenemangsbrev och feedback-enkäter), även får skicka nyhetsbrev till medlemmar och aktiva samt annan kommunikation som rör Protus verksamhet via olika kommunikationskanaler.</p>



<p><strong>Fotograferingslov till Protus marknadsföring (Kuvauslupa Protun viestintään)</strong></p>



<p>Lovet innebär att Protu får använda fotografier och videor där du medverkar i sin kommunikation och marknadsföring. Bilderna kan användas i Protus information och material (t.ex. i sociala medier, broschyrer och på webbplatsen), i en mediabank riktad till press och samarbetspartner, i föreningens publikation <em>Protu-lehti</em> samt för andra motsvarande ändamål. Beviljandet av fotograferingstillstånd är frivilligt och kan vid behov återkallas senare. Redan använt foto- eller videomaterial tas inte bort retroaktivt.</p>



<p><strong>Samtycke till utlämnande av kontaktuppgifter till tredje parter för genomförande av marknadsföring kopplad till Protu-verksamheten</strong> <strong>(Suostumus yhteystietojen luovuttamiseen kolmansille osapuolille Protu-toimintaan liittyvän mainonnan toteuttamista varten)</strong></p>



<p>Samtycket innebär att Protu får lämna ut dina kontaktuppgifter till exempelvis Meta (Facebook och Instagram) för att rikta marknadsföring och kommunikation som rör Protus verksamhet. Du hittar Metas dataskyddsbeskrivning här:<a href="https://www.facebook.com/privacy/center/" target="_blank" rel="noreferrer noopener nofollow">&nbsp;https://www.facebook.com/privacy/center/</a></p>
</div>
</div>

                </div>
            </div>
            </div>
</section>
