{"id":26833,"date":"2023-02-13T13:01:48","date_gmt":"2023-02-13T11:01:48","guid":{"rendered":"https:\/\/uusi.protu.fi\/?post_type=product&#038;p=26833"},"modified":"2025-11-06T13:56:17","modified_gmt":"2025-11-06T11:56:17","slug":"protun-30-vuotishistoriikki","status":"publish","type":"product","link":"https:\/\/www.protu.fi\/sv\/tuote\/protun-30-vuotishistoriikki\/","title":{"rendered":"Protun 30-vuotishistoriikki"},"content":{"rendered":"<div class=\"col-lg-6 text-link\">\n<p><em>Uteliaan pohdinnan tarina \u2013 Prometheus-leirien historia kes\u00e4st\u00e4 1989 vuoteen 2020<\/em> on ensimm\u00e4inen katsaus laatuaan protuleirien ja niiden takana olevan j\u00e4rjest\u00f6n uniikkiin historiaan.<\/p>\n<p>Prometheus-leirit ovat ainutlaatuinen ja t\u00e4rke\u00e4 osa sek\u00e4 leiril\u00e4isten ja vapaaehtoisten el\u00e4m\u00e4\u00e4 ett\u00e4 suomalaista yhteiskuntaa. Protun 30-vuotisen taipaleen kunniaksi laadittu 102-sivuinen historiikki ker\u00e4\u00e4 yksien kansien v\u00e4liin muistoja, nippelitietoa ja viisauksia viimeiselt\u00e4 nelj\u00e4lt\u00e4 vuosikymmenelt\u00e4.<\/p>\n<p>Historiikin laatiminen rahoitettiin vuonna 2020 joukkorahoituskampanjalla. Sen on kirjoittanut Protun toimeksiantona humanististen tieteiden kandidaatti <strong>Pyry von Bagh<\/strong>, joka on kulttuurihistorian maisterivaiheen opiskelija Turun yliopistolla. Von Bagh on k\u00e4ynyt itse protuleirin vuonna 2009 ja sittemmin toiminut Protussa erilaisissa vapaaehtoisteht\u00e4viss\u00e4.<\/p>\n<p>Historiikin visuaalisen ilmeen on tehnyt <a href=\"https:\/\/pisamaart.com\/\" rel=\"nofollow noopener\" target=\"_blank\">Mari Villanen \/ Pisama Art<\/a>.<\/p>\n<p>Lataa maksuton s\u00e4hk\u00f6inen versio (pdf, mukana kiitosmainnat) <a href=\"https:\/\/www.dropbox.com\/s\/w7wutsd77upl790\/PROTU_historiikki_2021_saavutettava_WEB.pdf?dl=0\" rel=\"nofollow noopener\" target=\"_blank\">t\u00e4st\u00e4<\/a>.<\/p>\n<\/div>\n","protected":false},"excerpt":{"rendered":"<p>Uteliaan pohdinnan tarina \u2013 Prometheus-leirien historia kes\u00e4st\u00e4 1989 vuoteen 2020 on ensimm\u00e4inen katsaus laatuaan protuleirien ja niiden takana olevan j\u00e4rjest\u00f6n uniikkiin historiaan. Prometheus-leirit ovat ainutlaatuinen ja t\u00e4rke\u00e4 osa sek\u00e4 leiril\u00e4isten ja vapaaehtoisten el\u00e4m\u00e4\u00e4 ett\u00e4 suomalaista yhteiskuntaa. Protun 30-vuotisen taipaleen kunniaksi laadittu 102-sivuinen historiikki ker\u00e4\u00e4 yksien kansien v\u00e4liin muistoja, nippelitietoa ja viisauksia viimeiselt\u00e4 nelj\u00e4lt\u00e4 vuosikymmenelt\u00e4. Historiikin [&hellip;]<\/p>\n","protected":false},"featured_media":19125,"template":"","meta":{"_acf_changed":false,"inline_featured_image":false},"product_brand":[],"product_cat":[45],"product_tag":[],"ajankohta":[],"leirityyppi":[],"leirin_kohde":[],"koulutus_ajankohta":[],"tapahtuman_ajankohta":[],"koulutuksen_tyyppi":[],"vuodenaika":[],"koulutus_kategoria":[],"tilaisuus_cat":[],"jatkoleirien_ajankohdat":[],"jatkoleirityyppi":[],"class_list":{"0":"post-26833","1":"product","2":"type-product","3":"status-publish","4":"has-post-thumbnail","6":"product_cat-tuote","7":"product_shipping_class-kirje-max-1000","9":"first","10":"instock","11":"purchasable","12":"product-type-simple"},"acf":[],"_links":{"self":[{"href":"https:\/\/www.protu.fi\/sv\/wp-json\/wp\/v2\/product\/26833","targetHints":{"allow":["GET"]}}],"collection":[{"href":"https:\/\/www.protu.fi\/sv\/wp-json\/wp\/v2\/product"}],"about":[{"href":"https:\/\/www.protu.fi\/sv\/wp-json\/wp\/v2\/types\/product"}],"wp:featuredmedia":[{"embeddable":true,"href":"https:\/\/www.protu.fi\/sv\/wp-json\/wp\/v2\/media\/19125"}],"wp:attachment":[{"href":"https:\/\/www.protu.fi\/sv\/wp-json\/wp\/v2\/media?parent=26833"}],"wp:term":[{"taxonomy":"product_brand","embeddable":true,"href":"https:\/\/www.protu.fi\/sv\/wp-json\/wp\/v2\/product_brand?post=26833"},{"taxonomy":"product_cat","embeddable":true,"href":"https:\/\/www.protu.fi\/sv\/wp-json\/wp\/v2\/product_cat?post=26833"},{"taxonomy":"product_tag","embeddable":true,"href":"https:\/\/www.protu.fi\/sv\/wp-json\/wp\/v2\/product_tag?post=26833"},{"taxonomy":"ajankohta","embeddable":true,"href":"https:\/\/www.protu.fi\/sv\/wp-json\/wp\/v2\/ajankohta?post=26833"},{"taxonomy":"leirityyppi","embeddable":true,"href":"https:\/\/www.protu.fi\/sv\/wp-json\/wp\/v2\/leirityyppi?post=26833"},{"taxonomy":"leirin_kohde","embeddable":true,"href":"https:\/\/www.protu.fi\/sv\/wp-json\/wp\/v2\/leirin_kohde?post=26833"},{"taxonomy":"koulutus_ajankohta","embeddable":true,"href":"https:\/\/www.protu.fi\/sv\/wp-json\/wp\/v2\/koulutus_ajankohta?post=26833"},{"taxonomy":"tapahtuman_ajankohta","embeddable":true,"href":"https:\/\/www.protu.fi\/sv\/wp-json\/wp\/v2\/tapahtuman_ajankohta?post=26833"},{"taxonomy":"koulutuksen_tyyppi","embeddable":true,"href":"https:\/\/www.protu.fi\/sv\/wp-json\/wp\/v2\/koulutuksen_tyyppi?post=26833"},{"taxonomy":"vuodenaika","embeddable":true,"href":"https:\/\/www.protu.fi\/sv\/wp-json\/wp\/v2\/vuodenaika?post=26833"},{"taxonomy":"koulutus_kategoria","embeddable":true,"href":"https:\/\/www.protu.fi\/sv\/wp-json\/wp\/v2\/koulutus_kategoria?post=26833"},{"taxonomy":"tilaisuus_cat","embeddable":true,"href":"https:\/\/www.protu.fi\/sv\/wp-json\/wp\/v2\/tilaisuus_cat?post=26833"},{"taxonomy":"jatkoleirien_ajankohdat","embeddable":true,"href":"https:\/\/www.protu.fi\/sv\/wp-json\/wp\/v2\/jatkoleirien_ajankohdat?post=26833"},{"taxonomy":"jatkoleirityyppi","embeddable":true,"href":"https:\/\/www.protu.fi\/sv\/wp-json\/wp\/v2\/jatkoleirityyppi?post=26833"}],"curies":[{"name":"wp","href":"https:\/\/api.w.org\/{rel}","templated":true}]}}

<div class="col-lg-6 text-link">
<p><em>Uteliaan pohdinnan tarina – Prometheus-leirien historia kesästä 1989 vuoteen 2020</em> on ensimmäinen katsaus laatuaan protuleirien ja niiden takana olevan järjestön uniikkiin historiaan.</p>
<p>Prometheus-leirit ovat ainutlaatuinen ja tärkeä osa sekä leiriläisten ja vapaaehtoisten elämää että suomalaista yhteiskuntaa. Protun 30-vuotisen taipaleen kunniaksi laadittu 102-sivuinen historiikki kerää yksien kansien väliin muistoja, nippelitietoa ja viisauksia viimeiseltä neljältä vuosikymmeneltä.</p>
<p>Historiikin laatiminen rahoitettiin vuonna 2020 joukkorahoituskampanjalla. Sen on kirjoittanut Protun toimeksiantona humanististen tieteiden kandidaatti <strong>Pyry von Bagh</strong>, joka on kulttuurihistorian maisterivaiheen opiskelija Turun yliopistolla. Von Bagh on käynyt itse protuleirin vuonna 2009 ja sittemmin toiminut Protussa erilaisissa vapaaehtoistehtävissä.</p>
<p>Historiikin visuaalisen ilmeen on tehnyt <a href="https://pisamaart.com/" rel="nofollow noopener" target="_blank">Mari Villanen / Pisama Art</a>.</p>
<p>Lataa maksuton sähköinen versio (pdf, mukana kiitosmainnat) <a href="https://www.dropbox.com/s/w7wutsd77upl790/PROTU_historiikki_2021_saavutettava_WEB.pdf?dl=0" rel="nofollow noopener" target="_blank">tästä</a>.</p>
</div>

<p>Uteliaan pohdinnan tarina – Prometheus-leirien historia kesästä 1989 vuoteen 2020 on ensimmäinen katsaus laatuaan protuleirien ja niiden takana olevan järjestön uniikkiin historiaan. Prometheus-leirit ovat ainutlaatuinen ja tärkeä osa sekä leiriläisten ja vapaaehtoisten elämää että suomalaista yhteiskuntaa. Protun 30-vuotisen taipaleen kunniaksi laadittu 102-sivuinen historiikki kerää yksien kansien väliin muistoja, nippelitietoa ja viisauksia viimeiseltä neljältä vuosikymmeneltä. Historiikin [&hellip;]</p>
