{"id":87612,"date":"2026-04-24T12:12:29","date_gmt":"2026-04-24T09:12:29","guid":{"rendered":"https:\/\/www.protu.fi\/?post_type=product&#038;p=87612"},"modified":"2026-04-24T12:22:39","modified_gmt":"2026-04-24T09:22:39","slug":"aurinkolasit","status":"publish","type":"product","link":"https:\/\/www.protu.fi\/sv\/tuote\/aurinkolasit\/","title":{"rendered":"Aurinkolasit"},"content":{"rendered":"<p>Hanki kes\u00e4ksi upeat protuaurinlasit! Laseissa Protu-logo sangassa. Eco GRS (90001) aurinkolasit ovat korkealaatuiset lasit, joiden kehys on valmistettu GRS-sertifioidusta kierr\u00e4tetyst\u00e4 PC:st\u00e4. Kierr\u00e4tetyn materiaalin m\u00e4\u00e4r\u00e4 kehyksess\u00e4 on 100%. GRS-sertifiointi varmistaa kierr\u00e4tysmateriaalien t\u00e4ydellisen sertifioidun toimitusketjun. Linssit ovat smokey-akryylia ja UV 400 sek\u00e4 CAT 3 mukaisia.<\/p>\n","protected":false},"excerpt":{"rendered":"<p>Hanki kes\u00e4ksi upeat protuaurinlasit! Laseissa Protu-logo sangassa. Eco GRS (90001) aurinkolasit ovat korkealaatuiset lasit, joiden kehys on valmistettu GRS-sertifioidusta kierr\u00e4tetyst\u00e4 PC:st\u00e4. Kierr\u00e4tetyn materiaalin m\u00e4\u00e4r\u00e4 kehyksess\u00e4 on 100%. GRS-sertifiointi varmistaa kierr\u00e4tysmateriaalien t\u00e4ydellisen sertifioidun toimitusketjun. Linssit ovat smokey-akryylia ja UV 400 sek\u00e4 CAT 3 mukaisia.<\/p>\n","protected":false},"featured_media":87620,"template":"","meta":{"_acf_changed":false,"inline_featured_image":false},"product_brand":[],"product_cat":[45],"product_tag":[],"ajankohta":[],"leirityyppi":[],"leirin_kohde":[],"koulutus_ajankohta":[],"tapahtuman_ajankohta":[],"koulutuksen_tyyppi":[],"vuodenaika":[],"koulutus_kategoria":[],"tilaisuus_cat":[],"jatkoleirien_ajankohdat":[],"jatkoleirityyppi":[],"class_list":{"0":"post-87612","1":"product","2":"type-product","3":"status-publish","4":"has-post-thumbnail","6":"product_cat-tuote","7":"product_shipping_class-kirje-max-50","9":"first","10":"instock","11":"purchasable","12":"product-type-simple"},"acf":[],"_links":{"self":[{"href":"https:\/\/www.protu.fi\/sv\/wp-json\/wp\/v2\/product\/87612","targetHints":{"allow":["GET"]}}],"collection":[{"href":"https:\/\/www.protu.fi\/sv\/wp-json\/wp\/v2\/product"}],"about":[{"href":"https:\/\/www.protu.fi\/sv\/wp-json\/wp\/v2\/types\/product"}],"wp:featuredmedia":[{"embeddable":true,"href":"https:\/\/www.protu.fi\/sv\/wp-json\/wp\/v2\/media\/87620"}],"wp:attachment":[{"href":"https:\/\/www.protu.fi\/sv\/wp-json\/wp\/v2\/media?parent=87612"}],"wp:term":[{"taxonomy":"product_brand","embeddable":true,"href":"https:\/\/www.protu.fi\/sv\/wp-json\/wp\/v2\/product_brand?post=87612"},{"taxonomy":"product_cat","embeddable":true,"href":"https:\/\/www.protu.fi\/sv\/wp-json\/wp\/v2\/product_cat?post=87612"},{"taxonomy":"product_tag","embeddable":true,"href":"https:\/\/www.protu.fi\/sv\/wp-json\/wp\/v2\/product_tag?post=87612"},{"taxonomy":"ajankohta","embeddable":true,"href":"https:\/\/www.protu.fi\/sv\/wp-json\/wp\/v2\/ajankohta?post=87612"},{"taxonomy":"leirityyppi","embeddable":true,"href":"https:\/\/www.protu.fi\/sv\/wp-json\/wp\/v2\/leirityyppi?post=87612"},{"taxonomy":"leirin_kohde","embeddable":true,"href":"https:\/\/www.protu.fi\/sv\/wp-json\/wp\/v2\/leirin_kohde?post=87612"},{"taxonomy":"koulutus_ajankohta","embeddable":true,"href":"https:\/\/www.protu.fi\/sv\/wp-json\/wp\/v2\/koulutus_ajankohta?post=87612"},{"taxonomy":"tapahtuman_ajankohta","embeddable":true,"href":"https:\/\/www.protu.fi\/sv\/wp-json\/wp\/v2\/tapahtuman_ajankohta?post=87612"},{"taxonomy":"koulutuksen_tyyppi","embeddable":true,"href":"https:\/\/www.protu.fi\/sv\/wp-json\/wp\/v2\/koulutuksen_tyyppi?post=87612"},{"taxonomy":"vuodenaika","embeddable":true,"href":"https:\/\/www.protu.fi\/sv\/wp-json\/wp\/v2\/vuodenaika?post=87612"},{"taxonomy":"koulutus_kategoria","embeddable":true,"href":"https:\/\/www.protu.fi\/sv\/wp-json\/wp\/v2\/koulutus_kategoria?post=87612"},{"taxonomy":"tilaisuus_cat","embeddable":true,"href":"https:\/\/www.protu.fi\/sv\/wp-json\/wp\/v2\/tilaisuus_cat?post=87612"},{"taxonomy":"jatkoleirien_ajankohdat","embeddable":true,"href":"https:\/\/www.protu.fi\/sv\/wp-json\/wp\/v2\/jatkoleirien_ajankohdat?post=87612"},{"taxonomy":"jatkoleirityyppi","embeddable":true,"href":"https:\/\/www.protu.fi\/sv\/wp-json\/wp\/v2\/jatkoleirityyppi?post=87612"}],"curies":[{"name":"wp","href":"https:\/\/api.w.org\/{rel}","templated":true}]}}

<p>Hanki kesäksi upeat protuaurinlasit! Laseissa Protu-logo sangassa. Eco GRS (90001) aurinkolasit ovat korkealaatuiset lasit, joiden kehys on valmistettu GRS-sertifioidusta kierrätetystä PC:stä. Kierrätetyn materiaalin määrä kehyksessä on 100%. GRS-sertifiointi varmistaa kierrätysmateriaalien täydellisen sertifioidun toimitusketjun. Linssit ovat smokey-akryylia ja UV 400 sekä CAT 3 mukaisia.</p>
